ate the remainder when 2970 is divided by 493.
12
What is the remainder when 1695 is divided by 46?
39
What is the remainder when 355 is divided by 69?
10
What is the remainder when 177 is divided by 55?
12
What is the remainder when 152 is divided by 32?
24
Calculate the remainder when 51 is divided by 47.
4
What is the remainder when 400 is divided by 127?
19
What is the remainder when 123 is divided by 123?
0
Calculate the remainder when 373 is divided by 10.
3
Calculate the remainder when 120 is divided by 63.
57
What is the remainder when 42 is divided by 15?
12
What is the remainder when 102 is divided by 58?
44
Calculate the remainder when 1753 is divided by 85.
53
What is the remainder when 375 is divided by 137?
101
Calculate the remainder when 263 is divided by 8.
7
Calculate the remainder when 167 is divided by 16.
7
Calculate the remainder when 628 is divided by 79.
75
Calculate the remainder when 109 is divided by 39.
31
What is the remainder when 542 is divided by 16?
14
Calculate the remainder when 5509 is divided by 106.
103
Calculate the remainder when 102 is divided by 86.
16
What is the remainder when 342 is divided by 42?
6
What is the remainder when 404 is divided by 58?
56
Calculate the remainder when 7762 is divided by 105.
97
What is the remainder when 1469 is divided by 32?
29
What is the remainder when 147 is divided by 123?
24
Calculate the remainder when 388 is divided by 34.
14
Calculate the remainder when 381 is divided by 74.
11
Calculate the remainder when 608 is divided by 195.
23
Calculate the remainder when 193 is divided by 14.
11
Calculate the remainder when 372 is divided by 50.
22
Calculate the remainder when 775 is divided by 151.
20
Calculate the remainder when 463 is divided by 152.
7
Calculate the remainder when 857 is divided by 10.
7
What is the remainder when 133 is divided by 15?
13
What is the remainder when 1968 is divided by 36?
24
What is the remainder when 1436 is divided by 12?
8
Calculate the remainder when 846 is divided by 166.
16
Calculate the remainder when 299 is divided by 28.
19
What is the remainder when 1776 is divided by 162?
156
What is the remainder when 928 is divided by 10?
8
What is the remainder when 365 is divided by 216?
149
What is the remainder when 101 is divided by 72?
29
What is the remainder when 1073 is divided by 31?
19
Calculate the remainder when 337 is divided by 28.
1
What is the remainder when 483 is divided by 69?
0
Calculate the remainder when 87 is divided by 30.
27
What is the remainder when 98 is divided by 17?
13
Calculate the remainder when 1188 is divided by 37.
4
What is the remainder when 38 is divided by 20?
18
What is the remainder when 314 is divided by 15?
14
Calculate the remainder when 1654 is divided by 23.
21
What is the remainder when 230 is divided by 24?
14
Calculate the remainder when 315 is divided by 82.
69
What is the remainder when 602 is divided by 22?
8
Calculate the remainder when 38 is divided by 8.
6
What is the remainder when 246 is divided by 13?
12
Calculate the remainder when 3469 is divided by 28.
25
Calculate the remainder when 33 is divided by 26.
7
What is the remainder when 3191 is divided by 71?
67
Calculate the remainder when 662 is divided by 329.
4
What is the remainder when 915 is divided by 115?
110
Calculate the remainder when 505 is divided by 311.
194
Calculate the remainder when 98 is divided by 21.
14
Calculate the remainder when 1671 is divided by 48.
39
What is the remainder when 1017 is divided by 14?
9
Calculate the remainder when 1163 is divided by 286.
19
Calculate the remainder when 59 is divided by 12.
11
Calculate the remainder when 429 is divided by 4.
1
Calculate the remainder when 57 is divided by 21.
15
Calculate the remainder when 124 is divided by 28.
12
Calculate the remainder when 3437 is divided by 173.
150
What is the remainder when 929 is divided by 182?
19
What is the remainder when 4266 is divided by 17?
16
Calculate the remainder when 168 is divided by 22.
14
What is the remainder when 71 is divided by 12?
11
What is the remainder when 130 is divided by 57?
16
What is the remainder when 90 is divided by 3?
0
Calculate the remainder when 128 is divided by 44.
40
What is the remainder when 9944 is divided by 7?
4
What is the remainder when 49 is divided by 16?
1
Calculate the remainder when 121 is divided by 34.
19
Calculate the remainder when 466 is divided by 16.
2
Calculate the remainder when 2071 is divided by 122.
119
Calculate the remainder when 296 is divided by 14.
2
Calculate the remainder when 207 is divided by 4.
3
What is the remainder when 477 is divided by 189?
99
Calculate the remainder when 142 is divided by 5.
2
Calculate the remainder when 242 is divided by 119.
4
Calculate the remainder when 614 is divided by 48.
38
What is the remainder when 239 is divided by 33?
8
Calculate the remainder when 96 is divided by 18.
6
Calculate the remainder when 379 is divided by 75.
4
What is the remainder when 1289 is divided by 30?
29
Calculate the remainder when 488 is divided by 81.
2
What is the remainder when 769 is divided by 104?
41
Calculate the remainder when 37 is divided by 36.
1
What is the remainder when 969 is divided by 10?
9
What is the remainder when 111 is divided by 38?
35
What is the remainder when 637 is divided by 309?
19
Calculate the remainder when 29998 is divided by 125.
123
Calculate the remainder when 438 is divided by 63.
60
Calculate the remainder when 558 is divided by 33.
30
Calculate the remainder when 3860 is divided by 28.
24
Calculate the remainder when 299 is divided by 7.
5
Calculate the remainder when 256 is divided by 245.
11
What is the remainder when 77 is divided by 20?
17
What is the remainder when 384 is divided by 181?
22
Calculate the remainder when 34 is divided by 12.
10
Calculate the remainder when 1364 is divided by 450.
14
What is the remainder when 85 is divided by 43?
42
Calculate the remainder when 856 is divided by 66.
64
Calculate the remainder when 144 is divided by 51.
42
What is the remainder when 130 is divided by 12?
10
What is the remainder when 311 is divided by 35?
31
Calculate the remainder when 859 is divided by 209.
23
Calculate the remainder when 89 is divided by 10.
9
Calculate the remainder when 137 is divided by 44.
5
Calculate the remainder when 510 is divided by 73.
72
What is the remainder when 94 is divided by 63?
31
Calculate the remainder when 158 is divided by 24.
14
What is the remainder when 25 is divided by 17?
8
Calculate the remainder when 256 is divided by 93.
70
Calculate the remainder when 61 is divided by 31.
30
What is the remainder when 393 is divided by 44?
41
What is the remainder when 73 is divided by 71?
2
Calculate the remainder when 202 is divided by 98.
6
What is the remainder when 2212 is divided by 314?
14
Calculate the remainder when 58 is divided by 31.
27
What is the remainder when 126 is divided by 26?
22
What is the remainder when 307 is divided by 64?
51
Calculate the remainder when 588 is divided by 16.
12
What is the remainder when 5875 is divided by 43?
27
What is the remainder when 31 is divided by 2?
1
What is the remainder when 3858 is divided by 117?
114
What is the remainder when 368 is divided by 65?
43
Calculate the remainder when 290 is divided by 56.
10
What is the remainder when 11083 is divided by 17?
16
Calculate the remainder when 746 is divided by 68.
66
What is the remainder when 2209 is divided by 67?
65
What is the remainder when 548 is divided by 19?
16
What is the remainder when 118 is divided by 23?
3
What is the remainder when 36849 is divided by 55?
54
Calculate the remainder when 27 is divided by 7.
6
Calculate the remainder when 125 is divided by 64.
61
What is the remainder when 292 is divided by 62?
44
What is the remainder when 189 is divided by 24?
21
Calculate the remainder when 80 is divided by 15.
5
Calculate the remainder when 135 is divided by 42.
9
Calculate the remainder when 843 is divided by 5.
3
What is the remainder when 2797 is divided by 16?
13
What is the remainder when 133 is divided by 46?
41
What is the remainder when 4985 is divided by 23?
17
What is the remainder when 127 is divided by 55?
17
Calculate the remainder when 62 is d